 - (-15 - -6)) + 2
20
What is the value of 357 + -377 + 9 + -1?
-12
-5 + (-8 - (-10 + 9)) + (1 - -5)
-6
(-5 + -1 - 5) + (-5 - -12 - -3)
-1
Calculate -4 + -4 + -6 + 2 + 3.
-9
Evaluate -2 + 14 + (95 - 108) + -13.
-14
What is the value of (0 - 6) + -20 + 28 + -4?
-2
Evaluate (-12 - -12 - 3) + 29 - 9.
17
What is 1 - (18 - 11 - (1 - (0 + 2)))?
-7
What is -4 - -9 - 3 - (11 + -30)?
21
What is 6 - (29 + -16 - (16 + -8))?
1
Calculate -14 - (-58 + 54 + (6 - 2)).
-14
What is the value of 15 - (-8 - (-4 - -10 - (39 - 14)))?
4
1 - 0 - (-4 + (-18 - -29)) - 8
-14
What is -15 - -30 - -4 - (4 - (-1 + 4))?
18
Evaluate 6 + (7 - (1 - -9) - -7).
10
Evaluate -14 + 25 + -52 + 24.
-17
Calculate -1 - -12 - (22 - (1 + -1 + 6)).
-5
What is the value of (-10 - (-41 - 0)) + (-6 - 5)?
20
Evaluate 2 + 1 + (2 - (-5 - -4) - -11).
17
Calculate -5 - (89 + -84 + (-19 + 0 - 2)).
11
Calculate -1 + 9 - (0 + (-2 - -5)).
5
Evaluate -10 + 18 + 14 + -10.
12
Calculate -25 - (-27 - (-15 - -3)).
-10
What is -48 + 57 - (29 - 6)?
-14
What is the value of (19 - 13) + -3 + (2 - (-3 + -2))?
10
What is the value of -5 - -2 - (136 - 156)?
17
What is the value of 0 - 28 - (542 + -568)?
-2
Calculate -8 + 1 - (-16 + 21).
-12
What is the value of -39 - -14 - (-10 - 11)?
-4
(-1 - -11) + -153 + 149
6
What is the value of (2 + 1 - -2) + -1 + (-6 - 7)?
-9
What is the value of -10 - -39 - (47 - 59 - (-2 - 8))?
31
What is the value of 63 - 15 - 32 - 47?
-31
Evaluate (-28 - -13) + 14 - (1 - (0 - 1)).
-3
-50 + (-13 - (-14 - 33))
-16
1 - -2 - (-8 - (17 - 12))
16
Calculate 73 + -70 - (3 - -1 - (-18 - -34)).
15
What is the value of 27 + (-4 - (-21 - -61))?
-17
Evaluate -4 + (-6 + 8 - -17) - (17 + -9).
7
Calculate 8 - 2 - (16 + -1) - (-36 - -36).
-9
What is (-13 - (-4 + (-20 - -10))) + 15?
16
-5 - 1 - ((-15 - -37) + (0 - 1))
-27
What is the value of (-57 - -27 - 1) + 46?
15
Evaluate 0 + -15 + 35 + -21.
-1
3 - (7 + -6 + -8) - (-25 - -1)
34
-6 + -2 + (16 - -9 - 2)
15
What is (9 - 0) + (-26 + 6 - -4 - -5)?
-2
(-16 - -41) + -49 + 1
-23
Evaluate 556 + -560 - (1 - 12).
7
Evaluate -9 - (-4 + 5) - (-11 - 1).
2
What is the value of (9 + 0 - 14) + -5 + -1 + 32?
21
What is the value of -13 + -5 + (-1 - -15) + -18?
-22
-35 + 45 + -76 + 105
39
Calculate (15 - 4 - (-5 + -16)) + (-11 - 0).
21
What is 27 - (56 - 18 - 6)?
-5
(6 - (5 - (1 + -5)) - 0) + -10
-13
12 + (2 - 5 - 12)
-3
What is the value of -1 + (0 + -3 - (4 + -10))?
2
-1 + (0 - 0) - (39 + 20 + -61)
1
12 - 0 - (1296 - 1272)
-12
What is the value of 17 - (-3 - -31 - -2)?
-13
What is the value of (3 - (-6 + -6 + 13)) + 3 - 2?
3
What is 1 - (-5 - -2) - (-26 + 25)?
5
Calculate -7 + (6 - 4 - -1) + (8 - 3).
1
What is (6 - -1) + (135 - 136)?
6
What is -15 + 1 + (-26 + 124 - 68)?
16
Calculate 4 - (-2 - -1 - 3 - (5 + -4)).
9
Evaluate 0 + 7 - (-57 - -42 - -10).
12
What is the value of 34 + -72 + (-7 - (-1 - 14))?
-30
What is (-59 - -50) + (0 + 2 + -3 - -1)?
-9
What is (0 - -15 - 4) + -5 + -8?
-2
What is the value of -1 - 1 - (-4 + 75 + -68)?
-5
What is (3 - (-8 + 12 - -6)) + (8 - 1)?
0
Evaluate -6 - (0 + -2 + -14 + 4 + -1).
7
What is the value of 0 - -14 - (9 + (-1 - 4) - 7)?
17
What is (943 - 907) + (0 - 42)?
-6
What is -5 - (1 + -7 + (8 - 9))?
2
What is 133 + -155 + (1 - -8)?
-13
-1 + -17 + (-2 - -2 - (-15 + 17))
-20
Evaluate -19 - 1 - ((5 - (-21 + 13)) + -11).
-22
Evaluate 10 + (-38 - -84) + -18.
38
Evaluate 28 - (2 + -27 - -55).
-2
What is the value of (-6 - ((1 - -11) + -2)) + 15?
-1
Calculate ((-35 - -1) + (22 - 20) - -10) + -6.
-28
What is the value of -31 + 23 - 3 - -20?
9
Evaluate 1 + -3 + 9 - (2 - 5).
10
Calculate -5 + 7 + (-4 - -4 - -2).
4
What is the value of (12 - 38) + 82 + -69?
-13
What is the value of 98 + -89 + (1 - 4)?
6
Calculate -5 - (-14 + (-7 - -16)) - (11 - 3).
-8
Calculate (9 - (1 - -10) - 18) + 8.
-12
(4 - 5 - 5 - -2) + (27 - 24)
-1
Calculate 7 + 2 + -15 + 6 + -1 + -3.
-4
-24 + 16 - (11 + -7 + -7)
-5
Evaluate 3 + (-7 - (-9 - -21)).
-16
Evaluate -11 + (17 + 0 - 18) + -16.
-28
What is (-22 - 0) + (13 - ((-7 - 8) + 18))?
-12
Evaluate 8 - (-7 - (0 + -4)).
11
What is the value of 63 - 82 - (-1 - 13) - -21?
16
What is (-16 - 0 - (-7 + -4 - -2)) + -25?
-32
-1 - (2 - 3) - -1
1
Evaluate 2 - 1 - -21 - (6 - (-39 + 37)).
14
0 + 18 + -25 + 20 + -2
11
Calculate -5 - (-12 + -6 + 25).
-12
Calculate -1 + -2 + 28 + (-13 - (0 + -8)).
20
What is the value of -4 - 12 - (-70 - -57)?
-3
What is (-10 + (4 - 4) - 10) + (-3 - -4)?
-19
Calculate 45 - ((-13 - -26) + 16).
16
Evaluate 5 - (-2 - (7 + -3)) - 12 - -5.
4
What is (-2 - -1) + 18 - ((59 - 55) + 3)?
10
Evaluate (-10 - -12) + 14 + -18.
-2
Calculate 17 + -20 + 24 + (-2 - -12).
31
Evaluate -19 - -2 - (-108 - -100).
-9
What is the value of 22 + (4 - 1) + -6 + 3 + -5?
17
What is -1 + (6 - 4) + 6?
7
Calculate -5 + 18 + -2 + -16 + 11.
6
Evaluate 32 - (-36 - -41) - 18.
9
What is the value of 12 - (-6 - (-23 - -4 - -6)) - 2?
3
What is the value of 7 + 2 + -6 + 14 + -34?
-17
What is 2 + 0 + 1 + -8 - (-151 - -152)?
-6
What is the value of 5 + (25 - 18 - (1 + -1))?
12
Evaluate 10 + -11 + 6 + -1.
4
Evaluate (-8 - (5 - 18)) + (-29 - -25).
1
Calculate (-1 - -7) + (144 - 152 - (-3 + 0)).
1
Calculate 61 + -35 + -20 - (-19 - 1).
26
(3 - -7) + 2 + -10
2
(20 - (11 + 1)) + (-7 + 1 - -13)
15
Calculate (2 - -2 - (-31 - -32)) + 2.
5
What is 2 + -4 + (6 - (2 + -7) - 0)?
9
Evaluate (-4 - -5) + -101 + 91.
-9
Calculate (-10 + 1 - -3) + 34 + -42.
-14
What is -14 + 4 - -3 - (-88 + 103)?
-22
-17 - 0 - (-20 - (49 + -63))
-11
What is (30 - 0 - 11) + -14 - -19?
24
Evaluate (3 - -14) + (6 - (2 + 11)).
10
What is (45 - (153 + -109)) + (-1 + 0 - 17)?
-17
What is (15 + 6 - 37) + 22?
6
What is 10 + -6 + 5 + -63 + 44?
-10
Evaluate (-2 - (30 + -30)) + -24.
-26
(10 - 0 - 2 - 17) + 4
-5
Calculate 0 - 19 - -29 - -1.
11
What is the value of -1 + (24 + -33 - (-2 + (-4 - -2)))?
-6
Evaluate (-3 - (-1 + 9 + 3 - 4)) + 5.
-5
7 + 3 + -4 + 3 - 6
3
What is the value of (2 - 0 - 49) + (523 - 510)?
-34
Calculate (-975 - -949) + (1 - -13).
-12
Calculate -4 + -3 + (-3 - -5) + 4.
-1
What is the value of -17 + (9 - (1 - -6)) + 5?
-10
What is the value of -5 + (-5 - -33) - -11?
34
Calculate -6 - ((-3 - (-28 - -6)) + -2) - -6.
-17
16 + (-13 - (-14 - -18))
-1
Evaluate 4 + -18 + (-3 - -12).
-5
(1 - 0) + -72 + 70
-1
What is (-16 - -13) + 6 - -2 - (15 + -2)?
-8
What is the value of -4 + (5 - 4) + -6?
-9
0 + -1 - (8 + (-18 - -19))
-10
1 + 26 + -25 - 14
-12
What is the value of 19 + 11 + -22 - (14 - 0)?
-6
Evaluate (5 + -2 - 7) + 7 - 5.
-2
Calculate -31 + -20 + 30 + 36.
15
Evaluate 6 + (-24 + 4 + -4 - -11).
-7
What is the value of (-16 - 6 - -42) + 5 + 1?
26
What is the value of 3 - (-22 - -19 - (0 - -1))?
7
What is (-21 + 11 - (-4 + 35)) + 14?
-27
Evaluate (-10 - (-13 + 13)) + 3 + 11.
4
What is the value of 2 - -11 - ((25 - 26) + -16)?
30
What is (15 - 27) + 17 + 16?
21
(-33 - -3) + 16 + 5
-9
What is the value of -15 - (4 + -1 - 23)?
5
34 + -19 + 11 - 25
1
Calculate -179 + 195 - (21 + -2).
-3
What is the value of -96 + 109 - (3 - (0 - 3))?
7
What is (-241 - -274) + -2 + -7?
24
What is the value of 1 + -7 - (0 + -48 + 180 + -174)?
36
What is the value of -195 + 207 + 0 + -30?
-18
Calculate -7 - (-5 + -1) - -2.
1
Evaluate 1 - (-8 + (-18 - -36) + 9).
-18
Evaluate 7 + 0 + -1 - (-2082 - -2073).
15
What is the value of -244 - -225 - (-7 + 1)?
-13
What is 38 + -31 + -25 + 11?
-7
Calculate 7 - (-1 - -1) - (-135 + 144).
-2
Calculate (5 - -1) + (14 - -1) + -34.
-13
What is the value of (-5 - (-16 + 8) - -11) + -5?
9
Evaluate 1 - (-20 + -2 + 0 - (-38 - -29)).
14
Calculate (-29 - -21) + 2 + -11 + -20.
-37
(-10 - -6) + (2 - -1) + 5 + -3
1
(3 + -2 - (0 + 7)) + 114 + -113
-5
What is the value of (56 - (130 + -78)) + (6 - -1)?
11
Calculate (0 - (23 + -7)) + 7.
-9
Calculate (0 - 11) + (8 - (26 + -15 - 2)).
-12
What is the value of (-30 + -3 - -22) + 9?
-2
(2 - -5) + (15 - 33) + 0
-11
Calculate 2 - 0 - (56 + -46).
-8
Evaluate -2 + 2 + (-18 - (-10 + 6 + -1)).
-13
What is the value of -172 - -177 - (-3 + (3 - 2) - -8)?
-1
Evaluate 0 + (9 - 2) + (447 - 458).
-4
(0 - (33 - 14)) + 32
13
What is 2 + -1 + 0 + -4 + -11?
-14
Evaluate -7 - 0 - (-15 - (-10 - -8) - -7).
-1
Evaluate -16 - (7 + -4) - (1 + -8).
-12
Evaluate -4 + (-3 - -3) + 6 - (-11 - -19).
-6
What is the value of 31 - (43 + -6) - -2?
-4
16 - (32 + -